{"id":312,"date":"2023-09-04T12:06:25","date_gmt":"2023-09-04T15:06:25","guid":{"rendered":"https:\/\/butacaonce.com\/?page_id=312"},"modified":"2024-02-21T11:32:09","modified_gmt":"2024-02-21T14:32:09","slug":"nosotros","status":"publish","type":"page","link":"https:\/\/butacaonce.com\/index.php\/nosotros\/","title":{"rendered":""},"content":{"rendered":"\n<div class=\"wp-block-cover is-light\" style=\"margin-top:0px;margin-bottom:0px;min-height:140px;aspect-ratio:unset;\"><span aria-hidden=\"true\" class=\"wp-block-cover__background has-background-dim-100 has-background-dim\" style=\"background-color:#f5f5f5\"><\/span><div class=\"wp-block-cover__inner-container is-layout-flow wp-block-cover-is-layout-flow\">\n<p class=\"has-text-align-center has-large-font-size\"><strong>Sobre nosotros<\/strong><\/p>\n\n\n\n<p class=\"has-body-text-font-size\">Somos una productora con la mirada puesta en las tendencias y los nuevos lenguajes de comunicaci\u00f3n. Hacemos que cada proyecto sea una experiencia \u00fanica e irrepetible. Optimizamos recursos para hacer realidad las ideas m\u00e1s ambiciosas. Sabemos interpretar las necesidades de nuestros clientes.&nbsp;<\/p>\n<\/div><\/div>\n\n\n\n<div class=\"wp-block-cover is-light\" style=\"margin-top:0px;margin-bottom:0px;min-height:257px;aspect-ratio:unset;\"><span aria-hidden=\"true\" class=\"wp-block-cover__background has-background-dim-100 has-background-dim\" style=\"background-color:#fff100\"><\/span><div class=\"wp-block-cover__inner-container has-global-padding is-layout-constrained wp-block-cover-is-layout-constrained\">\n<p class=\"has-text-align-center has-large-font-size\"><strong>Nuevos proyectos, nuevos mundos.<\/strong><\/p>\n\n\n\n<hr class=\"wp-block-separator has-alpha-channel-opacity\"\/>\n\n\n\n<p>Innovar siempre.<\/p>\n\n\n\n<p class=\"has-body-text-font-size\">Cada nuevo proyecto demanda una nueva perspectiva, cada cliente precisa un nuevo lenguaje y cada espectador constituye un nuevo desaf\u00edo. No vinimos al mundo para repetir formulas, por eso desarrollamos productos que apuestan a la originalidad est\u00e9tica sin perder nunca de vista el valor comercial y comunicativo.<\/p>\n\n\n\n<div class=\"wp-block-buttons is-content-justification-center is-layout-flex wp-container-core-buttons-is-layout-a89b3969 wp-block-buttons-is-layout-flex\">\n<div class=\"wp-block-button\"><a class=\"wp-block-button__link has-body-text-color has-base-background-color has-text-color has-background has-text-align-center wp-element-button\" href=\"https:\/\/butacaonce.com\/index.php\/servicios\/\">Conoc\u00e9 todos nuestros servicios<\/a><\/div>\n<\/div>\n<\/div><\/div>\n\n\n\n<div class=\"wp-block-cover is-light has-base-color has-text-color\" style=\"margin-top:0px;margin-bottom:0px;min-height:446px;aspect-ratio:unset;\"><span aria-hidden=\"true\" class=\"wp-block-cover__background has-white-background-color has-background-dim-100 has-background-dim\"><\/span><div class=\"wp-block-cover__inner-container has-global-padding is-layout-constrained wp-block-cover-is-layout-constrained\">\n<p class=\"has-text-align-center has-large-font-size\"><strong>Somos Butaca Once<\/strong><\/p>\n\n\n\n<hr class=\"wp-block-separator has-text-color has-alpha-channel-opacity has-background\" style=\"background-color:#fff100;color:#fff100\"\/>\n\n\n\n<p style=\"font-size:16px\">En nuestra ciudad abundan talentos de excelencia en las \u00e1reas art\u00edsticas, t\u00e9cnicas y creativas. Por eso conformamos equipos de trabajo espec\u00edficos ante cada desaf\u00edo, equipos pensados de acuerdo a las competencias profesionales de cada uno de sus integrantes. A su vez, contamos con una extensa red de colaboradores y contactos que se extiende por toda la regi\u00f3n.&nbsp;<\/p>\n\n\n\n<div class=\"wp-block-columns alignfull is-layout-flex wp-container-core-columns-is-layout-28f84493 wp-block-columns-is-layout-flex\">\n<div class=\"wp-block-column is-layout-flow wp-block-column-is-layout-flow\">\n<figure class=\"wp-block-image aligncenter size-full is-resized is-style-rounded\"><img loading=\"lazy\" decoding=\"async\" width=\"500\" height=\"506\" src=\"https:\/\/butacaonce.com\/wp-content\/uploads\/2023\/08\/leo_marengo-1.jpg\" alt=\"\" class=\"wp-image-208\" style=\"object-fit:cover;width:270px;height:270px\" srcset=\"https:\/\/butacaonce.com\/wp-content\/uploads\/2023\/08\/leo_marengo-1.jpg 500w, https:\/\/butacaonce.com\/wp-content\/uploads\/2023\/08\/leo_marengo-1-296x300.jpg 296w\" sizes=\"auto, (max-width: 500px) 100vw, 500px\" \/><\/figure>\n\n\n\n<p class=\"has-text-align-center has-medium-font-size\"><strong>Leonardo Marengo<\/strong><\/p>\n\n\n\n<p class=\"has-text-align-center\"><small>Producci\u00f3n y contenidos<\/small><\/p>\n<\/div>\n\n\n\n<div class=\"wp-block-column is-layout-flow wp-block-column-is-layout-flow\">\n<figure class=\"wp-block-image aligncenter size-full is-resized is-style-rounded\"><img decoding=\"async\" src=\"https:\/\/butacaonce.com\/wp-content\/uploads\/2023\/08\/jose_garcia-1.jpg\" alt=\"\" class=\"wp-image-207\" style=\"object-fit:cover;width:270px;height:270px\"\/><\/figure>\n\n\n\n<p class=\"has-text-align-center has-medium-font-size\"><strong>Jos\u00e9 Luciano Garc\u00eda<\/strong><\/p>\n\n\n\n<p class=\"has-text-align-center has-small-font-size\">Direcci\u00f3n General<\/p>\n<\/div>\n\n\n\n<div class=\"wp-block-column is-layout-flow wp-block-column-is-layout-flow\">\n<figure class=\"wp-block-image aligncenter size-large is-resized is-style-rounded\"><img loading=\"lazy\" decoding=\"async\" width=\"922\" height=\"1024\" src=\"https:\/\/butacaonce.com\/wp-content\/uploads\/2024\/02\/14022024-DSC02549-922x1024.jpg\" alt=\"\" class=\"wp-image-911\" style=\"object-fit:cover;width:270px;height:270px\" srcset=\"https:\/\/butacaonce.com\/wp-content\/uploads\/2024\/02\/14022024-DSC02549-922x1024.jpg 922w, https:\/\/butacaonce.com\/wp-content\/uploads\/2024\/02\/14022024-DSC02549-270x300.jpg 270w, https:\/\/butacaonce.com\/wp-content\/uploads\/2024\/02\/14022024-DSC02549-768x853.jpg 768w, https:\/\/butacaonce.com\/wp-content\/uploads\/2024\/02\/14022024-DSC02549-1383x1536.jpg 1383w, https:\/\/butacaonce.com\/wp-content\/uploads\/2024\/02\/14022024-DSC02549-1844x2048.jpg 1844w\" sizes=\"auto, (max-width: 922px) 100vw, 922px\" \/><\/figure>\n\n\n\n<p class=\"has-text-align-center has-medium-font-size\"><strong>Gast\u00f3n Mattio<\/strong><\/p>\n\n\n\n<p class=\"has-text-align-center has-small-font-size\">Marketing Estrat\u00e9gico<\/p>\n<\/div>\n<\/div>\n<\/div><\/div>\n\n\n\n<div class=\"wp-block-cover aligncenter is-light\" style=\"margin-top:0;margin-bottom:0;min-height:150px;aspect-ratio:unset;\"><span aria-hidden=\"true\" class=\"wp-block-cover__background has-background-dim-0 has-background-dim\"><\/span><img loading=\"lazy\" decoding=\"async\" width=\"2560\" height=\"404\" class=\"wp-block-cover__image-background wp-image-894\" alt=\"\" src=\"https:\/\/butacaonce.com\/wp-content\/uploads\/2024\/02\/BANNER-03-02-scaled.jpg\" data-object-fit=\"cover\" srcset=\"https:\/\/butacaonce.com\/wp-content\/uploads\/2024\/02\/BANNER-03-02-scaled.jpg 2560w, https:\/\/butacaonce.com\/wp-content\/uploads\/2024\/02\/BANNER-03-02-300x47.jpg 300w, https:\/\/butacaonce.com\/wp-content\/uploads\/2024\/02\/BANNER-03-02-1024x162.jpg 1024w, https:\/\/butacaonce.com\/wp-content\/uploads\/2024\/02\/BANNER-03-02-768x121.jpg 768w, https:\/\/butacaonce.com\/wp-content\/uploads\/2024\/02\/BANNER-03-02-1536x242.jpg 1536w, https:\/\/butacaonce.com\/wp-content\/uploads\/2024\/02\/BANNER-03-02-2048x323.jpg 2048w\" sizes=\"auto, (max-width: 2560px) 100vw, 2560px\" \/><div class=\"wp-block-cover__inner-container has-global-padding is-layout-constrained wp-block-cover-is-layout-constrained\">\n<p class=\"has-text-align-center has-large-font-size\"><\/p>\n<\/div><\/div>\n","protected":false},"excerpt":{"rendered":"","protected":false},"author":1,"featured_media":0,"parent":0,"menu_order":0,"comment_status":"closed","ping_status":"closed","template":"","meta":{"footnotes":""},"class_list":["post-312","page","type-page","status-publish","hentry"],"yoast_head":"<!-- This site is optimized with the Yoast SEO plugin v23.3 - https:\/\/yoast.com\/wordpress\/plugins\/seo\/ -->\n<title>- Butaca Once<\/title>\n<meta name=\"robots\" content=\"index, follow, max-snippet:-1, max-image-preview:large, max-video-preview:-1\" \/>\n<link rel=\"canonical\" href=\"https:\/\/butacaonce.com\/index.php\/nosotros\/\" \/>\n<meta property=\"og:locale\" content=\"en_US\" \/>\n<meta property=\"og:type\" content=\"article\" \/>\n<meta property=\"og:title\" content=\"- Butaca Once\" \/>\n<meta property=\"og:url\" content=\"https:\/\/butacaonce.com\/index.php\/nosotros\/\" \/>\n<meta property=\"og:site_name\" content=\"Butaca Once\" \/>\n<meta property=\"article:modified_time\" content=\"2024-02-21T14:32:09+00:00\" \/>\n<meta property=\"og:image\" content=\"https:\/\/butacaonce.com\/wp-content\/uploads\/2023\/08\/leo_marengo-1.jpg\" \/>\n<meta name=\"twitter:card\" content=\"summary_large_image\" \/>\n<meta name=\"twitter:label1\" content=\"Est. reading time\" \/>\n\t<meta name=\"twitter:data1\" content=\"2 minutes\" \/>\n<script type=\"application\/ld+json\" class=\"yoast-schema-graph\">{\"@context\":\"https:\/\/schema.org\",\"@graph\":[{\"@type\":\"WebPage\",\"@id\":\"https:\/\/butacaonce.com\/index.php\/nosotros\/\",\"url\":\"https:\/\/butacaonce.com\/index.php\/nosotros\/\",\"name\":\"- Butaca Once\",\"isPartOf\":{\"@id\":\"https:\/\/butacaonce.com\/#website\"},\"primaryImageOfPage\":{\"@id\":\"https:\/\/butacaonce.com\/index.php\/nosotros\/#primaryimage\"},\"image\":{\"@id\":\"https:\/\/butacaonce.com\/index.php\/nosotros\/#primaryimage\"},\"thumbnailUrl\":\"https:\/\/butacaonce.com\/wp-content\/uploads\/2023\/08\/leo_marengo-1.jpg\",\"datePublished\":\"2023-09-04T15:06:25+00:00\",\"dateModified\":\"2024-02-21T14:32:09+00:00\",\"inLanguage\":\"en-US\",\"potentialAction\":[{\"@type\":\"ReadAction\",\"target\":[\"https:\/\/butacaonce.com\/index.php\/nosotros\/\"]}]},{\"@type\":\"ImageObject\",\"inLanguage\":\"en-US\",\"@id\":\"https:\/\/butacaonce.com\/index.php\/nosotros\/#primaryimage\",\"url\":\"https:\/\/butacaonce.com\/wp-content\/uploads\/2023\/08\/leo_marengo-1.jpg\",\"contentUrl\":\"https:\/\/butacaonce.com\/wp-content\/uploads\/2023\/08\/leo_marengo-1.jpg\",\"width\":500,\"height\":506},{\"@type\":\"WebSite\",\"@id\":\"https:\/\/butacaonce.com\/#website\",\"url\":\"https:\/\/butacaonce.com\/\",\"name\":\"Butaca Once\",\"description\":\"\",\"publisher\":{\"@id\":\"https:\/\/butacaonce.com\/#organization\"},\"potentialAction\":[{\"@type\":\"SearchAction\",\"target\":{\"@type\":\"EntryPoint\",\"urlTemplate\":\"https:\/\/butacaonce.com\/?s={search_term_string}\"},\"query-input\":\"required name=search_term_string\"}],\"inLanguage\":\"en-US\"},{\"@type\":\"Organization\",\"@id\":\"https:\/\/butacaonce.com\/#organization\",\"name\":\"Butaca Once\",\"url\":\"https:\/\/butacaonce.com\/\",\"logo\":{\"@type\":\"ImageObject\",\"inLanguage\":\"en-US\",\"@id\":\"https:\/\/butacaonce.com\/#\/schema\/logo\/image\/\",\"url\":\"https:\/\/butacaonce.com\/wp-content\/uploads\/2023\/08\/cropped-logo-blanco-03.png\",\"contentUrl\":\"https:\/\/butacaonce.com\/wp-content\/uploads\/2023\/08\/cropped-logo-blanco-03.png\",\"width\":240,\"height\":129,\"caption\":\"Butaca Once\"},\"image\":{\"@id\":\"https:\/\/butacaonce.com\/#\/schema\/logo\/image\/\"}}]}<\/script>\n<!-- \/ Yoast SEO plugin. -->","yoast_head_json":{"title":"- Butaca Once","robots":{"index":"index","follow":"follow","max-snippet":"max-snippet:-1","max-image-preview":"max-image-preview:large","max-video-preview":"max-video-preview:-1"},"canonical":"https:\/\/butacaonce.com\/index.php\/nosotros\/","og_locale":"en_US","og_type":"article","og_title":"- Butaca Once","og_url":"https:\/\/butacaonce.com\/index.php\/nosotros\/","og_site_name":"Butaca Once","article_modified_time":"2024-02-21T14:32:09+00:00","og_image":[{"url":"https:\/\/butacaonce.com\/wp-content\/uploads\/2023\/08\/leo_marengo-1.jpg"}],"twitter_card":"summary_large_image","twitter_misc":{"Est. reading time":"2 minutes"},"schema":{"@context":"https:\/\/schema.org","@graph":[{"@type":"WebPage","@id":"https:\/\/butacaonce.com\/index.php\/nosotros\/","url":"https:\/\/butacaonce.com\/index.php\/nosotros\/","name":"- Butaca Once","isPartOf":{"@id":"https:\/\/butacaonce.com\/#website"},"primaryImageOfPage":{"@id":"https:\/\/butacaonce.com\/index.php\/nosotros\/#primaryimage"},"image":{"@id":"https:\/\/butacaonce.com\/index.php\/nosotros\/#primaryimage"},"thumbnailUrl":"https:\/\/butacaonce.com\/wp-content\/uploads\/2023\/08\/leo_marengo-1.jpg","datePublished":"2023-09-04T15:06:25+00:00","dateModified":"2024-02-21T14:32:09+00:00","inLanguage":"en-US","potentialAction":[{"@type":"ReadAction","target":["https:\/\/butacaonce.com\/index.php\/nosotros\/"]}]},{"@type":"ImageObject","inLanguage":"en-US","@id":"https:\/\/butacaonce.com\/index.php\/nosotros\/#primaryimage","url":"https:\/\/butacaonce.com\/wp-content\/uploads\/2023\/08\/leo_marengo-1.jpg","contentUrl":"https:\/\/butacaonce.com\/wp-content\/uploads\/2023\/08\/leo_marengo-1.jpg","width":500,"height":506},{"@type":"WebSite","@id":"https:\/\/butacaonce.com\/#website","url":"https:\/\/butacaonce.com\/","name":"Butaca Once","description":"","publisher":{"@id":"https:\/\/butacaonce.com\/#organization"},"potentialAction":[{"@type":"SearchAction","target":{"@type":"EntryPoint","urlTemplate":"https:\/\/butacaonce.com\/?s={search_term_string}"},"query-input":"required name=search_term_string"}],"inLanguage":"en-US"},{"@type":"Organization","@id":"https:\/\/butacaonce.com\/#organization","name":"Butaca Once","url":"https:\/\/butacaonce.com\/","logo":{"@type":"ImageObject","inLanguage":"en-US","@id":"https:\/\/butacaonce.com\/#\/schema\/logo\/image\/","url":"https:\/\/butacaonce.com\/wp-content\/uploads\/2023\/08\/cropped-logo-blanco-03.png","contentUrl":"https:\/\/butacaonce.com\/wp-content\/uploads\/2023\/08\/cropped-logo-blanco-03.png","width":240,"height":129,"caption":"Butaca Once"},"image":{"@id":"https:\/\/butacaonce.com\/#\/schema\/logo\/image\/"}}]}},"_links":{"self":[{"href":"https:\/\/butacaonce.com\/index.php\/wp-json\/wp\/v2\/pages\/312","targetHints":{"allow":["GET"]}}],"collection":[{"href":"https:\/\/butacaonce.com\/index.php\/wp-json\/wp\/v2\/pages"}],"about":[{"href":"https:\/\/butacaonce.com\/index.php\/wp-json\/wp\/v2\/types\/page"}],"author":[{"embeddable":true,"href":"https:\/\/butacaonce.com\/index.php\/wp-json\/wp\/v2\/users\/1"}],"replies":[{"embeddable":true,"href":"https:\/\/butacaonce.com\/index.php\/wp-json\/wp\/v2\/comments?post=312"}],"version-history":[{"count":42,"href":"https:\/\/butacaonce.com\/index.php\/wp-json\/wp\/v2\/pages\/312\/revisions"}],"predecessor-version":[{"id":939,"href":"https:\/\/butacaonce.com\/index.php\/wp-json\/wp\/v2\/pages\/312\/revisions\/939"}],"wp:attachment":[{"href":"https:\/\/butacaonce.com\/index.php\/wp-json\/wp\/v2\/media?parent=312"}],"curies":[{"name":"wp","href":"https:\/\/api.w.org\/{rel}","templated":true}]}}